 -33?
14
In base 16, what is 3f + 4?
43
In base 14, what is -3 - 22?
-25
In base 13, what is 127 - 6?
121
In base 13, what is -1521 + -4?
-1525
In base 8, what is 320 + -6?
312
In base 11, what is -21 - 16?
-37
In base 14, what is d + 16?
25
In base 3, what is 10 + 202020?
202100
In base 15, what is 5 - -43a?
440
In base 14, what is 7 - -31?
38
In base 11, what is -9 - -2a?
21
In base 15, what is -5 + 15?
10
In base 4, what is 1001 - 11002?
-10001
In base 16, what is -ec - 4?
-f0
In base 13, what is 21 + 79?
9a
In base 14, what is a - 3?
7
In base 16, what is -3d + 30?
-d
In base 2, what is -1010111 + -11?
-1011010
In base 11, what is 10a4 - 1?
10a3
In base 11, what is -16 + 59?
43
In base 11, what is -87a + 1?
-879
In base 4, what is 11 + -203010?
-202333
In base 11, what is -16 + -3?
-19
In base 4, what is 10 - 1133030?
-1133020
In base 5, what is 1201 - -1?
1202
In base 14, what is -3 + 121?
11c
In base 12, what is 1 - 22ba?
-22b9
In base 13, what is -1a - -7?
-13
In base 2, what is -100 + 101001000?
101000100
In base 7, what is -2 - 200?
-202
In base 14, what is -3 - -1426?
1423
In base 2, what is 10100110 + -1000?
10011110
In base 14, what is -2 - 20b2?
-20b4
In base 6, what is 23010 + -5?
23001
In base 16, what is 43 - -7c?
bf
In base 15, what is -2 + 7e?
7c
In base 16, what is 9bb - 1?
9ba
In base 13, what is 12 + -1a1?
-18c
In base 2, what is 101 + -10101?
-10000
In base 14, what is -5 + 1a?
15
In base 15, what is 5 - b0?
-aa
In base 15, what is -b6 - 5?
-bb
In base 10, what is 485 - 1?
484
In base 15, what is -2 + 78?
76
In base 14, what is 7 + -23?
-1a
In base 14, what is 5 - 1b5?
-1b0
In base 11, what is 34 + 1?
35
In base 15, what is -162 - 4?
-166
In base 6, what is 3 - -1524?
1531
In base 3, what is -12 + 21200?
21111
In base 2, what is -111011011110 + -100?
-111011100010
In base 11, what is 6 - -707?
712
In base 11, what is 1 - -277?
278
In base 4, what is -2 - -3020?
3012
In base 13, what is -70 - -a?
-63
In base 6, what is 2 + 205?
211
In base 15, what is 14 - -1?
15
In base 13, what is -5 - -49b?
496
In base 12, what is -2a - 73?
-a1
In base 10, what is -4 + -25?
-29
In base 2, what is 1111 - -1111101?
10001100
In base 14, what is -5 - 2?
-7
In base 10, what is -96 - 3?
-99
In base 3, what is -11 - -211121?
211110
In base 5, what is 4004 + -33?
3421
In base 6, what is -2 + -315?
-321
In base 5, what is 42 + -2?
40
In base 14, what is -c - -58?
4a
In base 11, what is 1 + -321?
-320
In base 14, what is -ab - -7?
-a4
In base 5, what is 0 + 111?
111
In base 13, what is 3 + 98?
9b
In base 9, what is -1151 - -6?
-1144
In base 13, what is -134c + -3?
-1352
In base 10, what is 0 - -2722?
2722
In base 15, what is 1 + -9?
-8
In base 13, what is -a8 + -6?
-b1
In base 10, what is 2 - -114?
116
In base 13, what is 96 + -4?
92
In base 15, what is 93 + 1a?
ad
In base 7, what is -32 + 123?
61
In base 6, what is -3 - -102?
55
In base 16, what is 0 - -34?
34
In base 7, what is -3263 + -3?
-3266
In base 2, what is 10001011 + 10011?
10011110
In base 7, what is 14 - 143?
-126
In base 9, what is -3 - -654?
651
In base 12, what is -1b + 0?
-1b
In base 7, what is -111 - 1?
-112
In base 9, what is 515 + -3?
512
In base 4, what is -1 - 2323?
-2330
In base 10, what is 107 - 0?
107
In base 15, what is -32 + 1?
-31
In base 16, what is 2c - 27?
5
In base 2, what is 1000110 - -111?
1001101
In base 4, what is 112 + 2201?
2313
In base 8, what is 372 - 10?
362
In base 10, what is 68 - -2?
70
In base 11, what is 15 + 20?
35
In base 8, what is 6425 + 2?
6427
In base 13, what is 3 - 120?
-11a
In base 8, what is -1476 - 1?
-1477
In base 10, what is -2 + 203?
201
In base 13, what is -1 - -465?
464
In base 5, what is -1304 - 112?
-1421
In base 15, what is 118 - 3?
115
In base 16, what is 1c + -4?
18
In base 12, what is 2 - 34?
-32
In base 7, what is 14226 + -2?
14224
In base 9, what is -52 + -2?
-54
In base 16, what is -1c5 + 3?
-1c2
In base 16, what is -5 - -c7?
c2
In base 6, what is 435 - 4?
431
In base 3, what is -102012100 - -2?
-102012021
In base 15, what is -4 + -8?
-c
In base 9, what is 681 - 2?
678
In base 8, what is 40 - 35?
3
In base 8, what is -5 - -3432?
3425
In base 9, what is 5 - -143?
148
In base 13, what is -cb - 0?
-cb
In base 4, what is 1 + -2102?
-2101
In base 10, what is -1499 - 3?
-1502
In base 10, what is 425 - -7?
432
In base 12, what is 11 - 1b?
-a
In base 8, what is 4 - 1231?
-1225
In base 15, what is a - 19?
-e
In base 16, what is 20 - 8?
18
In base 8, what is -23 + 254?
231
In base 9, what is 3278 - 6?
3272
In base 15, what is -1b - -c?
-e
In base 13, what is 3 - -22?
25
In base 8, what is -1042 + -15?
-1057
In base 10, what is 1126 - 13?
1113
In base 10, what is -2 + -21?
-23
In base 7, what is -12 - -34?
22
In base 15, what is -2bc + -3?
-2c0
In base 7, what is 1602 + -4?
1565
In base 3, what is -1000 + 10010?
2010
In base 6, what is -12 + -10?
-22
In base 15, what is 4 + 13c?
141
In base 11, what is -7 - 118?
-124
In base 10, what is 984 + 3?
987
In base 13, what is c6 - 13?
b3
In base 5, what is 130332 - -3?
130340
In base 2, what is -110101101 - -100?
-110101001
In base 8, what is 133 + -57?
54
In base 12, what is 2a - -6?
34
In base 11, what is -4 + 59?
55
In base 13, what is 48 - 71?
-26
In base 9, what is 5 - -422?
427
In base 6, what is -114532 - -2?
-114530
In base 5, what is -444 + 3?
-441
In base 14, what is -199 - -5?
-194
In base 9, what is -13 - 5?
-18
In base 6, what is -44 + -1015?
-1103
In base 5, what is -131000 + -3?
-131003
In base 2, what is -11101 + 10?
-11011
In base 4, what is 3 + -122023?
-122020
In base 4, what is -232 + -10?
-302
In base 13, what is 864 - -1?
865
In base 3, what is -22001 + 1?
-22000
In base 16, what is 518 + -5?
513
In base 3, what is -1 - -20121121?
20121120
In base 8, what is -32 - 1010?
-1042
In base 10, what is 158 + -1?
157
In base 13, what is 3708 + -4?
3704
In base 3, what is 22 - -100?
122
In base 2, what is -100 + 100011?
11111
In base 14, what is 18283 - 5?
1827c
In base 11, what is 10 - 98?
-88
In base 5, what is 13421 - 0?
13421
In base 2, what is -1 + 11100?
11011
In base 4, what is -12232 - -23?
-12203
In base 15, what is -66c - 5?
-672
In base 2, what is 1 + -111110?
-111101
In base 10, what is -5 - 113?
-118
In base 16, what is 4 - 41?
-3d
In base 14, what is 4 + -c0a?
-c06
In base 11, what is 23 - 46?
-23
In base 7, what is 45 - 503?
-425
In base 16, what is 59 - -2b?
84
In base 8, what is 1 + -156?
-155
In base 3, what is 20222 + 1?
21000
In base 6, what is 4212 + -5?
4203
In base 2, what is 110110101 + -1100000?
101010101
In base 12, what is -344 - 5?
-349
In base 5, what is -13 + 214?
201
In base 3, what is -1 - -2002?
2001
In base 4, what is 1 - -1012?
1013
In base 8, what is -6 - -50?
42
In base 3, what is -122 - 210211?
-211110
In base 11, what is 3 - -524?
527
In base 2, what is 1000111 - 1?
1000110
In base 14, what is -147 - -3?
-144
In base 10, what is -2 + 73?
71
In base 14, what is 18 - 25?
-b
In base 8, what is -4 + 2103?
2077
In base 13, what is -4 + -5?
-9
In base 3, what is 1102102 - 11?
1102021
In base 15, what is -252e + -4?
-2533
In base 11, what is 2 - -135?
137
In base 12, what is -1 + -6a?
-6b
In base 7, what is 5051 + -21?
5030
In base 2, what is 101010 - 10011?
10111
In base 10, what is 19 - 40?
-21
In base 2, what is 101 - -100010111?
100011100
In base 16, what is -2f + 0?
-2f
In base 13, what is -7a35 - -2?
-7a33
In base 8, what is -5 + 31?
24
In base 4, what is -213 - -10?
-203
In base 12, what is -2 + 36?
34
In base 6, what is -32 - 1310?
-1342
In base 15, what is -5 + ab2?
aac
In base 3, what is -2002202 + -2?
-2002211
In base 6, what is -143021 - 2?
-143023
In base 7, what is 3 + -12614?
-12611
In base 12, what is -597b - -5?
-5976
In base 3, what is -12221 + 1001?
-11220
In base 2, what is 10110100001 + -100?
10110011101
In base 7, what is -12 + -152?
-164
In base 14, what is 49 + 4?
4d
In base 9, what is -11 + -24?
-35
In base 7, what is -4 + 33?
26
In base 11, what is -931 + -4?
-935
In base 13, what is b3 + 11?
c4
In base 11, what is 39 + 1?
3a
In base 14, what is 45 + -4?
41
In base 5, what is 312 - -3?
320
In base 3, what is 11022 - -11?
11110
In base 12, what is 76 + b?
85
In base 13, what is 26 - 2?
24
In base 4, what is -10 + 11?
1
In